 Let i(a) = 2*a**2 + f - 4*a**2 - a**3 + 88*a - 84*a. Calculate i(-3).
0
Let z(g) = 3*g**2 + g + 1. Suppose v + 171 = 3*x, -3*x - 94 - 275 = 2*v. Let m be 2/9 - (-5980)/v. Let a = m - -32. Calculate z(a).
3
Let o(k) be the third derivative of -k**4/24 + k**3/6 - 175*k**2. Determine o(4).
-3
Suppose -3*k + 22 = -2*f, -k - 3 = -2*f - 13. Let c(d) = 3 - 4*d**2 + 5*d - 2*d**2 - 4 - d**3 - k*d. What is c(-6)?
5
Let j(m) = -10*m - 1. Let v(t) = 11*t + 1. Let g(y) = -6*j(y) - 5*v(y). Suppose -s + 10*s = -9. Give g(s).
-4
Suppose -2*j - 40 = j + 5*r, 2*j + r = -15. Let q(x) = 4*x**2 + 4 - 6*x**2 + 3*x**2 + 6*x. Determine q(j).
-1
Suppose -4*b = -0*p + 3*p - 22, -5*b + 28 = 4*p. Let x(z) = 4 + p + 27*z - 5 - 30*z. Determine x(-1).
4
Let b(m) = 11*m + 1. Let p(s) = -7*s - 1. Let q(o) = 5*b(o) + 8*p(o). Let j(t) = -t - 1. Let n(h) = 2*j(h) - q(h). Determine n(1).
0
Let n(d) = d**2 - 5*d - 5. Let w(t) be the second derivative of -t**4/12 + 2*t**3 + 5*t**2/2 - 7*t. Let q be w(11). Let l = q - 10. Determine n(l).
1
Let u(h) be the first derivative of 13*h**7/840 + h**4/24 - 26*h**3/3 - 16. Let q(i) be the third derivative of u(i). What is q(-1)?
-12
Let r(w) = w**3 + 5*w**2 + 3*w + 5. Let p be (-378)/99 + 4/(-22). Determine r(p).
9
Let r(k) = -8*k + 22 - 2*k - k - 9*k + 19*k. Calculate r(9).
13
Suppose 0 = 4*g - 3*g + 7. Let q be -2 + (-3 - g) - -13. Let v = q + -21. Let l(p) = -p**2 - 6*p + 4. Determine l(v).
4
Let l(q) = -q**2 - 9*q - 6. Let r(s) = 3*s**2 + 26*s + 18. Let d(v) = 11*l(v) + 4*r(v). Let w be d(-2). Let i(y) = y**2 - y - 2. Determine i(w).
-2
Let r(q) be the third derivative of 0*q**3 - 1/6*q**4 + 21*q**2 + 0 + 0*q. What is r(-1)?
4
Let v(l) = -l - l**2 - 6*l - l + 13*l + 2. Let i be (0 - -2)/((-2)/(-9)). Let q = i - 4. Calculate v(q).
2
Let q(m) = -m - 15*m + 15*m + 7. What is q(0)?
7
Let v(q) = -8*q + 4. Suppose 0 = 2*i + 4*n + 2, 8*n - 16 = -5*i + 5*n. Calculate v(i).
-36
Let b(j) = -j**2 + 9*j + 4 - 1 + 2. Let k = 12923 - 12915. Determine b(k).
13
Let v(f) = -8*f**2 + 2*f - 16. Let c(m) = -7*m**2 + 3*m - 15. Let h(y) = 7*c(y) - 6*v(y). What is h(7)?
5
Let r(s) be the first derivative of 1/4*s**4 - 9 + s + 2*s**3 + 3*s**2. Determine r(-5).
-4
Let a(b) = b**3 + b**2 - 2*b + 1. Let i = -15 - -40. Let j be -7*4*(-102 - -101). Let x = i - j. What is a(x)?
-11
Suppose 0 = -4*b - 2*z, 3*b = -0*b - z + 2. Let w(y) = b*y**2 - 2*y**2 - 4*y - 3*y**2. Give w(-3).
-15
Suppose 2*f = 4*p - 14, 3*p - 5*f - 5 = 9. Let a be 12*3/18*p. Let g(v) = 3*v**3 + 3*v**3 + 2*v**2 + v**3 + 2 - v - a*v**3. Give g(-2).
4
Let j be (-14)/(-18) - 4/(-18). Suppose -8 = -2*b + b. Let t(f) = b*f + 8*f**3 - 1 - 8*f. Determine t(j).
7
Let r be 8/(-5) - -4 - (-15)/25. Let s(u) be the first derivative of -r*u + 1/2*u**2 - 1. Give s(-6).
-9
Let a(l) = -5*l**3 - 21*l**2 + 8*l + 4. Let b(h) = h**3 + 5*h**2 - 2*h - 1. Let w(p) = -2*a(p) - 9*b(p). Calculate w(3).
7
Let a(k) = -2*k + 1. Let c be ((-3)/(-4) - 2/8)*118. Let f = 63 - c. Calculate a(f).
-7
Suppose 0 = -9*m + 4*m + 100. Let n be (9/(-15))/((-4)/m). Let i(v) = 6*v**3 - v + 2*v**n - 2*v**2 - 7*v**3. Give i(-1).
-2
Let i(h) = -2*h**2 - 3*h - 27. Let y(k) = k**2 + 2*k + 13. Suppose 4*w - 78 = -2*w. Let f(d) = w*y(d) + 6*i(d). Determine f(-8).
7
Let t be (0/6)/(-3 + 2). Suppose 0 = 4*v + 4*n, t = 2*v + 3*n + 6 - 1. Let k(a) = a - 16. Let h(q) = q - 15. Let r(p) = 4*h(p) - 3*k(p). Determine r(v).
-7
Let k be 2/(3 + 28/(-12)). Suppose -2*r + 18 = 5*d, 2*d - k*r + 10 = d. Let w(x) = 6 - 1 + x**2 - 4 - 2*x - d*x**2. Give w(1).
-2
Let d(c) = -2*c. Suppose 19 - 1 = -2*m. Let y = 23 + m. Suppose 0 = f + 2*v + 1, 2*f - y = -0*v + 4*v. Calculate d(f).
-6
Let j(r) = -r**2 - 3*r + 8. Let t(o) = -o + 1. Let c(g) = -j(g) + 4*t(g). What is c(0)?
-4
Let o(s) = 4 - 47*s + 10 + 49*s. Determine o(-3).
8
Let m(t) = t**2 + 18*t - 45. Suppose -7*v + 107 = -5*u - 0*v, -2*u - v - 39 = 0. Give m(u).
-5
Let j(w) = w**3 - 2*w + 5. Suppose 5*h + 54 = 2*h. Let t = h + 18. Let n be j(t). Let m(y) = -y**3 + 4*y**2 + 6*y - 2. Determine m(n).
3
Let j be (1/4)/(9/(-36)). Let m(v) = -4*v + 1. Let a be m(j). Let h(d) = 4*d**2 + d. Let b(z) = 5*z**2 - 1. Let y(r) = 5*b(r) - 6*h(r). What is y(a)?
-10
Let h be 45/6*(-2)/(-3). Let f(o) = 25*o - 17. Let x(b) = -21*b + 16. Let j(z) = 5*f(z) + 6*x(z). Determine j(h).
6
Let r be 8 - (-3 - -2) - 4. Let w(s) = 8*s - 23*s + r*s + 5*s. Determine w(-1).
5
Let x(d) = 1 + 2 - d + 1 - 5. Let v = 6 - -13. Let z = v + -13. What is x(z)?
-7
Let o(w) = 19*w - 7*w - 3*w**2 + 13 + 14*w + 11*w - 8*w. Determine o(10).
3
Suppose 0 = -4*u + u - 12, -u = -5*z - 36. Let k(y) = -y**2 - 7*y + 10. Give k(z).
2
Let x = -16 - -18. Let r(v) = -7 + 6*v**2 - v**3 - x*v**3 - 2*v + 4*v**3. Give r(-6).
5
Let i be 1/(-4) + (-21)/(-4). Let c(s) be the first derivative of -32 - 5/3*s**3 + 0*s + 1/2*s**2 + 1/4*s**4. Give c(i).
5
Let f(d) = 2*d**2 + 3*d + 1. Let x be f(-2). Let o(a) = -7*a - 6. Let j(b) = 11*b + 9. Let h(k) = 5*j(k) + 8*o(k). Give h(x).
-6
Let r(s) = -3*s**2 + 100*s - 28. Let q be r(33). Let j(d) = d**3 - 5*d**2 + d - 4. Calculate j(q).
1
Let g = -91 + 93. Let q(f) = -17 + 19 + 6*f**g + f**3 + 7*f - 4*f. Give q(-5).
12
Let x(h) = -14*h - 2. Let z(r) = 27*r + 3. Let i(p) = 5*x(p) + 3*z(p). Let y = 73 - 68. Suppose -2*a = y*u + a - 11, 2*a = -5*u + 9. Calculate i(u).
10
Let k(v) = -v**3 + 4*v**2 + 7*v - 9. Let g(a) = a**2 - a. Let w(h) = -6*g(h) - k(h). Let z be w(10). Let o(q) = -1 + q**2 - q - 2*q + q. What is o(z)?
2
Let z be (-1 - (-1 - -2))/((-4)/54). Let q = z - 29. Let w(i) = -i**3 - 3*i**2 - 4*i - 3. Calculate w(q).
1
Let s be (1 + 1/(-2))*-4. Let f(p) be the second derivative of -1/6*p**4 + 0 + 6*p + 3/2*p**2 + 2/3*p**3. Give f(s).
-13
Let n(c) be the third derivative of c**7/840 - c**6/360 + c**5/120 - c**4/6 - 5*c**3/6 + 7*c**2. Let d(f) be the first derivative of n(f). What is d(0)?
-4
Let a(m) = 6*m**2 - m - 1. Let t = -16 - -18. Suppose -2*q + 0 = -t. Suppose 4*z - q = -5. Give a(z).
6
Let f(a) = -5*a**3 - 8*a**3 + 1 - 9*a + 10*a. Let i = 33 + -34. Calculate f(i).
13
Let f = -3 + 19. Let p be 104/f + (-9)/6. Let i(c) = 2*c - 5. Calculate i(p).
5
Let l(s) = -s**3 + 14*s**2 - 12*s - 5. Suppose -v = 36*x - 40*x + 51, 0 = 4*v - 4. Give l(x).
8
Let f = 9 - 4. Let s(i) be the second derivative of -i**5/20 + i**4/3 + 5*i**3/6 + 2*i**2 - 116*i - 3. What is s(f)?
4
Let x(d) be the first derivative of 0*d + 1/2*d**2 - 1/4*d**4 - 1/6*d**3 + 1. Let c(j) be the second derivative of x(j). Determine c(-2).
11
Let s be 920/(-88) + (-18)/33. Let o(y) = -y - 9. What is o(s)?
2
Let g(y) = 15*y**2 - y - 1. Let r be g(-1). Suppose 2*p = r - 3. Let s(x) = x - 7. What is s(p)?
-1
Let h(j) = j + 1. Let g(d) = 2 - 1 + d**2 - 4*d - d**2 + d**2. Let i be g(2). Calculate h(i).
-2
Let a(x) = 39 - 75 + 2*x + 31. Give a(-5).
-15
Let h(j) = j - 4. Suppose 24 = 2*b + 4*x, 4*b = -0*x - x + 27. Determine h(b).
2
Suppose v = 4*r - 8 - 1, 4*r = -5*v + 3. Let d(b) = -r - 2*b**3 - 4 + 2 + 3*b**3. Let y be 1*(4 - 4)/(1 - 2). Give d(y).
-4
Let r(p) = p + 13. Let c(v) = v**2 + 16*v - 37. Let i be c(-18). Let k(b) = 1. Let u(z) = i*r(z) + 6*k(z). Calculate u(-4).
-3
Let w(n) = 2*n**3 + n**2 + n. Let g(u) = -u + 16. Let p be g(13). Suppose b + 0*b - p = 4*l, 0 = -2*l - 3*b - 5. Determine w(l).
-2
Let o(y) be the first derivative of 25 + 627*y**2 + y - 2*y**3 - 627*y**2. What is o(1)?
-5
Let k(w) be the third derivative of -w**4/24 + 35*w**2. Determine k(1).
-1
Suppose 0 = -2*b - 2*g + 12, 5*b - 31*g + 27*g - 12 = 0. Let l(h) = h**3 - 4*h**2. Calculate l(b).
0
Let w(b) = b**3 - b + 1. Let q(n) = -n**3 - 6*n**2 - 8*n + 2. Let g(f) = -2*f - 18. Let m be g(-7). Let u be q(m). Calculate w(u).
7
Let n(u) = u**3 + 4*u**2 - 4*u + 6. Let z be n(-5). Let s(c) = -3*c + 13049*c**2 - 13045*c**2 + 2*c. Calculate s(z).
3
Let m(a) = 2*a + 2. Let j be m(-2). Let i(z) be the third derivative of z**5/30 + z**4/12 + z**3/3 + 10*z**2 - 25. Determine i(j).
6
Let x(u) = u**2. Let o(z) = 2*z**2 - 6*z + 5. Suppose -7*j + 6 + 1 = 0. Let b(w) = j*x(w) - o(w). What is b(6)?
-5
Let y(s) = s**2 + 12*s + 4. Suppose -6 = t - 4*x + 25, 0 = 4*t - x + 49. What is y(t)?
-7
Let m = -1295 - -1293. Let p(h) = h**2 - 4. Determine p(m).
0
Let b(y) = -8*y**3 + 2*y**2 + 4*y + 9. Let n(q) = -11*q**3 + 2*q**2